
-1535
In base 12, what is 1a + -2174?
-2156
In base 6, what is -11 - -1503?
1452
In base 2, what is -101100110101000 + -100?
-101100110101100
In base 16, what is -3 - 1994c?
-1994f
In base 13, what is 29cc0 - -1?
29cc1
In base 14, what is -663b + -bc?
-6719
In base 2, what is -100000110 + 10101110?
-1011000
In base 11, what is a906 - 34?
a882
In base 11, what is -969436 - 2?
-969438
In base 16, what is -1 - a5f6?
-a5f7
In base 2, what is 10000100010111 + 1001000?
10000101011111
In base 8, what is -5134 - -350?
-4564
In base 15, what is -7 + 9194?
918c
In base 10, what is 9 + -133?
-124
In base 11, what is 12a8673 - -3?
12a8676
In base 6, what is -13 - -1545?
1532
In base 11, what is -1a295 + -2?
-1a297
In base 2, what is 11 - 111111001101000?
-111111001100101
In base 15, what is 24 - -15c4b?
15c70
In base 12, what is -41a - -370?
-6a
In base 8, what is 3521 - -620?
4341
In base 14, what is 3d5 + -23?
3b2
In base 14, what is 5 - 54152?
-5414b
In base 3, what is -1012222001212 - -1?
-1012222001211
In base 10, what is -9965 + -5?
-9970
In base 9, what is 0 - -1616382?
1616382
In base 8, what is -7763 - -3?
-7760
In base 2, what is -110101 - -101000111110100?
101000110111111
In base 10, what is -56 - -3512?
3456
In base 12, what is 53 + -1bab?
-1b58
In base 3, what is 10111120210 + -2?
10111120201
In base 9, what is 340530 - 2?
340527
In base 10, what is -8 + 17347?
17339
In base 8, what is -16 + -12255?
-12273
In base 16, what is 3ab + f?
3ba
In base 9, what is -36 - 5015?
-5052
In base 4, what is 3022 + 1231?
10313
In base 4, what is -2230210 - 2?
-2230212
In base 15, what is 198 - 3280?
-30d7
In base 13, what is 2412 + -21?
23c1
In base 14, what is -165ab - 1?
-165ac
In base 3, what is 102220100 + 10?
102220110
In base 13, what is 1794c69 + 2?
1794c6b
In base 4, what is 11 + -110002323?
-110002312
In base 11, what is 425a1 + -1?
425a0
In base 15, what is 1b3ab - -3?
1b3ae
In base 11, what is -2 + -558?
-55a
In base 14, what is 24ac + -5?
24a7
In base 15, what is -142135 + 5?
-142130
In base 5, what is 303 - 3234?
-2431
In base 13, what is 1b0c5 - 0?
1b0c5
In base 9, what is -3 - 336223?
-336226
In base 12, what is -12 - 232?
-244
In base 13, what is -24ca5 - 5?
-24caa
In base 7, what is -1 - 24426?
-24430
In base 6, what is 31040 - -11?
31051
In base 8, what is 10 + -25560?
-25550
In base 4, what is 2333 - 100223?
-31230
In base 12, what is -349 - -37b?
32
In base 6, what is -444425 - -35?
-444350
In base 12, what is -15 + 905?
8b0
In base 7, what is -10 + 26013?
26003
In base 6, what is -1100 + -152042?
-153142
In base 8, what is 35 + 5501?
5536
In base 3, what is -1012210 + 21021?
-221112
In base 16, what is 5 - -45b65?
45b6a
In base 8, what is 4 + 142232?
142236
In base 15, what is 237 - -30?
267
In base 9, what is 4 - 32677?
-32673
In base 7, what is 2322423 + 1?
2322424
In base 4, what is 10 - 3020030?
-3020020
In base 15, what is 194205 - 2?
194203
In base 16, what is -124 - -6?
-11e
In base 2, what is 101010101101001 - 100010?
101010101000111
In base 5, what is -2432041 + 1?
-2432040
In base 3, what is 12000210211 + -12?
12000210122
In base 3, what is -11120221120 + 11?
-11120221102
In base 14, what is -18bb4 + -4?
-18bb8
In base 14, what is 73a2 + 5?
73a7
In base 7, what is 310124 - -1?
310125
In base 5, what is -2432 + 4?
-2423
In base 13, what is 997 - -71?
a38
In base 12, what is -3064b + -3?
-30652
In base 2, what is -1011101110111110 + 10?
-1011101110111100
In base 13, what is -27 - 180?
-1a7
In base 10, what is -21288 + 0?
-21288
In base 4, what is 1021211210 - 10?
1021211200
In base 5, what is -34 + 134304?
134220
In base 6, what is 111 + 12?
123
In base 11, what is -5 + -9968?
-9972
In base 16, what is -1 + cf091?
cf090
In base 7, what is 1145140 + -1?
1145136
In base 6, what is 100 - 5152?
-5052
In base 5, what is -11034 + 10212?
-322
In base 14, what is -4 + -103868?
-10386c
In base 2, what is 1011001110 - 1010?
1011000100
In base 4, what is -3020302303 - -2?
-3020302301
In base 16, what is -2be7a - 1a?
-2be94
In base 9, what is 4758 + 375?
5244
In base 4, what is 10003 - -221?
10230
In base 12, what is -31a + 2591?
2273
In base 14, what is 9a125 + 0?
9a125
In base 4, what is -3221301 - 3?
-3221310
In base 3, what is -2 + -120100020111?
-120100020120
In base 5, what is -22220 - 31?
-22301
In base 5, what is -11231 - 302314?
-314100
In base 9, what is 16 + -6675?
-6658
In base 8, what is 30156 + 4?
30162
In base 6, what is 42534 - 23?
42511
In base 4, what is -133132 - 23?
-133221
In base 15, what is 330269 + 2?
33026b
In base 14, what is -b24d + -4?
-b253
In base 16, what is 4 + 57f?
583
In base 14, what is 1d970b + 3?
1d9710
In base 4, what is -111321 + -1033?
-113020
In base 12, what is -153468 - -2?
-153466
In base 15, what is d + -8b0c?
-8aee
In base 5, what is -30032 - 23203?
-103240
In base 4, what is 121 + 11001202?
11001323
In base 11, what is 3 + 13628?
13630
In base 3, what is 12 - -210112201?
210112220
In base 5, what is -2341 - 32?
-2423
In base 13, what is -3a + -172aa?
-17317
In base 5, what is -13 - 2210401?
-2210414
In base 9, what is -328 - -30?
-288
In base 6, what is 1145 + 1?
1150
In base 11, what is -1098 + -543?
-1630
In base 9, what is -2 + 2160?
2157
In base 4, what is 10 - -2130010?
2130020
In base 9, what is -328 - 31?
-360
In base 9, what is 405 + -44?
351
In base 10, what is 1942 + 1?
1943
In base 6, what is 2 + -122503?
-122501
In base 16, what is -15e - -5bd?
45f
In base 2, what is 101000110 - -11100100?
1000101010
In base 9, what is -1 - 65415?
-65416
In base 4, what is 132 + -102?
30
In base 14, what is 3a - 243?
-207
In base 11, what is 106 + 2482?
2588
In base 11, what is 402 - 2049?
-1747
In base 6, what is -2 + -212311?
-212313
In base 4, what is 2 - -331122?
331130
In base 5, what is -3 + 320004?
320001
In base 8, what is -340 - -2574?
2234
In base 3, what is -1110110220 + -21?
-1110111011
In base 16, what is 0 + -f65c6?
-f65c6
In base 8, what is -22 - 12366?
-12410
In base 3, what is 0 + 10110020?
10110020
In base 6, what is 122241 + 5?
122250
In base 15, what is -14d - -4e6?
398
In base 4, what is -103300322 - 10?
-103300332
In base 10, what is 7 - -72788?
72795
In base 9, what is -80 - 12535?
-12625
In base 3, what is 10011112020011 + 2?
10011112020020
In base 16, what is -7 + 482?
47b
In base 5, what is 1212122 + -311?
1211311
In base 16, what is -64c + 7e3?
197
In base 10, what is 1236 - 152?
1084
In base 7, what is -5043 - -43?
-5000
In base 10, what is 3 + 15648?
15651
In base 5, what is 10432 - 120?
10312
In base 12, what is 7 + -26116a?
-261163
In base 15, what is -41759 - -18?
-41741
In base 14, what is 74 + -1950?
-18ba
In base 14, what is -3 - -154c0?
154bb
In base 13, what is 2771 + -3c?
2732
In base 3, what is 1222012211 + 2?
1222012220
In base 2, what is -1110011001001110 - -11?
-1110011001001011
In base 8, what is -4132 + -22?
-4154
In base 10, what is 83954 + -1?
83953
In base 15, what is 17b2 - 1b?
1796
In base 2, what is -1011101010000100011 - -1?
-1011101010000100010
In base 9, what is 151 + 1706?
1857
In base 3, what is 20 - -1212022002100?
1212022002120
In base 15, what is -b55ee + -2?
-b5601
In base 12, what is 46024 + 3?
46027
In base 8, what is -631473 + -4?
-631477
In base 11, what is -1 + 357a?
3579
In base 2, what is 111100 + -110100000?
-101100100
In base 2, what is -1100 + 100111100000101001?
100111100000011101
In base 2, what is 111011 - 1011011110?
-1010100011
In base 5, what is -41 - 24110?
-24201
In base 14, what is -c258b7 - -3?
-c258b4
In base 16, what is 2e - -4e?
7c
In base 14, what is -3783 + 11?
-3772
In base 16, what is 4 - 2219?
-2215
In base 10, what is 1 + 22197?
22198
In base 7, what is 0 - 3114406?
-3114406
In base 6, what is 0 + 414113?
414113
In base 15, what is -5 + -7090?
-7095
In base 14, what is 1b - -91?
ac
In base 16, what is -2 + 30ce5?
30ce3
In base 5, what is -114334 + -43?
-114432
In base 8, what is 16720 + -153?
16545
In base 8, what is 4425 - 160?
4245
In base 13, what is -4 + 34c3?
34bc
In base 11, what is -3a - 1991?
-1a20
In base 2, what is 1011111000 + 101100000?
10001011000
In base 16, what is 4 - 3fe6d?
-3fe69
In base 2, what is 110001000 - 11?
110000101
In base 11, what is 11 - -499a8?
49a09
In base 16, what is 24b15 -